7*w**2 + h - 3*w**2 - 2*w**2. Give b(-9).
-5
Let q be 77*1/7 - 5*1. Suppose 13*s = -q - 7. Let x(y) be the second derivative of y**5/2 - y**3/3 - y**2/2 - y. Give x(s).
-9
Let r(d) = -3*d**3 + 24*d**2 - 28*d + 52. Let j be r(7). Let f(a) = 3*a - 2. Let z(l) = -1. Let w(m) = -f(m) + 3*z(m). Determine w(j).
-10
Let p(z) = -2*z**2 + 453 + 3*z + 451 - z**3 - 901 + 4*z**3. Determine p(-2).
-35
Let b = 4188 - 4175. Let y be (5 - 1)*(-1)/(-2). Let j(i) = 16*i - b*i - y*i**2 - 1 + 3*i**2. Calculate j(-5).
9
Let m(u) = u**3 + 8*u**2 + 33*u - 17. Let d(r) = -r**3 - 9*r**2 - 35*r + 18. Let a(o) = -14*d(o) - 15*m(o). Give a(4).
15
Let x = -2761 - -2754. Let w(h) = -h - 4. What is w(x)?
3
Let z be (-13 + 0 - -16)*(-10)/(-3). Let x(r) = -r**2 + 11*r - 19. Give x(z).
-9
Let h(a) = 6*a - 104. Suppose 48 = 3*w + 5*u - 26, w + 4*u - 34 = 0. Let t be h(w). Let b(i) = i**2 - 2*i - 3. Calculate b(t).
5
Let c(o) be the second derivative of -o**3 + 23*o**2 - o - 608. Give c(5).
16
Let y(t) = 4*t - 4 + 9 - 2 + 4 - 9. Calculate y(-8).
-34
Let s = 84 - 59. Suppose s = -3*a + 22. Let i(g) = -g + 0 - 1 + g**2 + 2*g**2. What is i(a)?
3
Let i(k) = 164583*k - 164584*k + 7 - 1. Give i(-4).
10
Let z(c) = -19*c - 4. Let x(i) = -12*i - 5. Let r(n) = 8*x(n) - 5*z(n). Give r(-22).
2
Let d(q) = q**3 - 25*q**2 - q + 28. Suppose 32*v + 4*v = 900. Give d(v).
3
Let v(g) be the first derivative of -2*g**3/3 - g**2 + 3. Let i(t) = -46*t - 1470. Let b be i(-32). Give v(b).
-12
Let j(k) be the first derivative of k + 209 + 1/2*k**2 + 2/3*k**3. Let c = 0 - -2. Calculate j(c).
11
Let w(k) = 22*k - 1. Let h(j) = 46*j + 17. Let l(b) = 3*h(b) - 6*w(b). What is l(-9)?
3
Suppose -5*z + 2*f = 5, z + 26*f - 11 = 24*f. Let u(v) = -26*v + 16. Calculate u(z).
-10
Let q(l) = l**3 + 5*l**2 - l + 30. Let j = -2832 - -2826. Give q(j).
0
Let p(o) = o**2 + 6*o - 7. Let i(d) = 91 - 9*d + 86 - 2*d**2 - 166. Let h(r) = -5*i(r) - 8*p(r). Determine h(3).
10
Let n(a) = -242*a + 17906. Let f be n(74). Let y(v) = -2*v + 0*v + 8 - 9 + 5*v**2. Give y(f).
23
Let d(h) = 137*h - 14*h - 144*h. Determine d(-3).
63
Let a(o) = 6*o - 11. Suppose 25 = 5*s - 0*s. Let r(p) = p + 3*p - 44 - p + p + 37. Let j(c) = s*a(c) - 7*r(c). Calculate j(5).
4
Let j = -1 - -1. Let h(l) = 2*l**2 - l - 74*l**3 - 71*l**3 + 144*l**3. Let t(b) = 3*b**3 - 7*b**2 + 5*b - 8. Let u(q) = -4*h(q) - t(q). Determine u(j).
8
Let c(i) = 3*i - 23. Let g be c(8). Let m(j) = -45*j**2 - j. Give m(g).
-46
Let z(d) be the third derivative of -d**3 - 1/60*d**5 - 3*d**2 + 0 + 1/24*d**4 - 1/120*d**6 - 2*d. Calculate z(0).
-6
Let i(o) = o**3 + 9*o**2 + 2*o - 6. Let n(c) = -c**2 + 28*c - 171. Let v be n(9). Suppose 3*r = -3*f - 21 - 12, v = -r + 2*f - 5. Determine i(r).
-24
Suppose -10 = -3*m - 1. Let x(f) = -f - 13. Let p(z) = 2*z + 24. Let u(k) = m*p(k) + 5*x(k). Determine u(-5).
2
Let t(r) be the second derivative of -1/12*r**4 - 9/2*r**2 - 71*r + 0 - 1/6*r**3. Let p be 2/(-3) - 2/(-3). What is t(p)?
-9
Suppose 5*n + 15 - 230 = 0. Suppose 289 + 243 = 14*p. Let l = n - p. Let c(i) = i**2 - 2*i - 6. Give c(l).
9
Suppose -5*m = -m + 84. Let h be (-2190)/21 + 5 + 99/m. Let d = -112 - h. Let g(c) = c**3 + 7*c**2 - 10*c - 12. What is g(d)?
4
Suppose 0 = 3*k + 4*p - 7, -4*k - p + 6*p - 1 = 0. Let d = 111 - 78. Let z(g) = -105*g + 5*g**3 + 32*g - 2*g**2 + 41*g + d*g. Give z(k).
4
Let m(z) = -2*z**2 - 7*z + 12. Let g(d) = -6*d**2 - 22*d + 36. Let x(l) = 2*g(l) - 7*m(l). What is x(-4)?
0
Let w(a) = 2*a**2 + 7*a**2 - 8*a**2 - 6. Let d be w(-3). Let g(o) = 2*o**d - 2*o + 85 - 82 - o**3 - 4*o**2. What is g(4)?
-5
Let m be (-3)/(-18) - 1121/(-114). Let u be 12 - m/((-40)/(-36)). Let d(l) = 0 + 5*l - l**2 + 5 - 3. What is d(u)?
8
Suppose 0*z + 4*x = 3*z + 40, 2*z = -3*x - 55. Let m be 2/(z/(-30) - (-16)/(-15)). Let p(j) = -j - 5. What is p(m)?
0
Let r(w) = -5*w - 9*w - 9 + 12 + 625*w**2 - w - 624*w**2. Determine r(15).
3
Let x(d) be the second derivative of -1/2*d**3 - 3*d**2 - 1/4*d**4 + 0 - 22*d. Let w(a) = 7*a**2 + 5*a + 12. Let r(j) = -2*w(j) - 5*x(j). Calculate r(-4).
2
Let g(i) = -i**2 + 3*i + 4. Let z be 1/(-2)*3*(-8)/3. Let v(f) = -3*f - 4*f**2 + z*f + 2*f + 4 + 3*f**2. Let l(m) = 4*g(m) - 3*v(m). Determine l(-3).
-14
Let z(c) = -c - 4. Suppose 4*s = -k + 2 + 11, -3 = -3*s. Suppose k*j = -j + 120. Let a = j + -20. What is z(a)?
4
Let q(z) be the second derivative of -z**4/6 + 25*z**3/2 - 52*z**2 + 5*z - 8. Calculate q(36).
4
Let p(i) = i**3 + 10*i**2 - 11*i - 4. Let x be 100/(-1)*(-25)/(-20)*-4. Let o = x - 511. Give p(o).
-4
Let q(p) = 3*p**3 + 31*p**2 - 15*p + 54. Let b be q(-11). Let y(s) = -3*s - 63. Calculate y(b).
6
Let q(z) = 8*z**3 + 2*z**2 - 6*z - 1. Let c(y) = -7*y**3 - 10*y**2 + 8*y - 12. Let p(b) = -2*c(b) - 2*q(b). Calculate p(8).
-6
Let r(m) = -m**3 - 8*m**2 - 2*m + 6. Let d = -188 + -5. Let l = d - -186. Calculate r(l).
-29
Let a(w) be the first derivative of -1/2*w**2 + 11/3*w**3 + w - 102. Suppose 0*y = -3*y + 3. Determine a(y).
11
Let v(z) = -z**3 + 4*z**2 + 8*z - 9. Let r be v(5). Let l(c) = 0*c**2 + 928 - c**2 - 1866 + 949 + 3*c. Determine l(r).
-7
Suppose 12*o + 323 - 155 = 0. Let n(z) = -z**2 - 15*z + 11. What is n(o)?
25
Let q(t) be the third derivative of -t**6/360 + t**5/40 + t**4/8 - 19*t**3/3 - 95*t**2. Let s(j) be the first derivative of q(j). Calculate s(6).
-15
Let n(x) = -14 + 18 + 0*x**2 - x**2. Let d = -31 + 62. Suppose -6 = 33*v - d*v. Calculate n(v).
-5
Let y(x) = -4*x - 5. Let g be ((-4 - -12) + 0)*-29. Let a = g - -237. Calculate y(a).
-25
Let k(u) = -1312 + 3942 - 1315 - 6*u**2 - u**3 - 1309 - 5*u. Give k(-3).
-6
Suppose 8*d - 18 = -d. Let f(x) = 4*x**2 - 4*x - 9. Let r(t) = 5*t**2 - 5*t - 11. Let h(s) = -4*f(s) + 3*r(s). What is h(d)?
1
Let n(p) = 4 - 5 + 11 + 99*p**2 + p**3 + 6*p - 92*p**2. Let y be (-12 - (-10)/(-5))/2. What is n(y)?
-32
Let q(o) = 6*o + 65. Suppose -4*i = -3*n - 58, i + 12 = -4*n - 21. What is q(n)?
5
Let p be (14 + -2)*((-243)/(-54) + -4). Let a(d) = -d**3 + 4*d**2 + 4*d + 7. Calculate a(p).
-41
Suppose -12*m - 28*m + 1040 = 0. Let s(y) = -y**2 + 25*y + 39. What is s(m)?
13
Let z(m) = -8*m**2 - 1. Let w be z(1). Let k(f) be the third derivative of 13/6*f**3 + 3/8*f**4 + 1/60*f**5 + 0*f + 287*f**2 + 0. Determine k(w).
13
Suppose -6*b + 12 = -18. Suppose 0 = 2*m + b*m - 63. Let h be (-16)/6*m/6. Let j(r) = 4*r + 2. Calculate j(h).
-14
Let z = 94 + -85. Let a be (-75)/10*(48/z + -6). Let d(x) be the second derivative of -x**5/20 + x**4/2 - 2*x**3/3 + 3*x**2/2 - x. Determine d(a).
8
Let d = 271 - 249. Let z(k) = -64 + k + k**2 + 24 + d. Determine z(0).
-18
Suppose -2 = -2*d - 0. Let o be d*(5 - (-1)/1). Let y(v) = 151*v + 9. Let m(k) = -60*k - 5. Let q(g) = 5*m(g) + 2*y(g). What is q(o)?
5
Let y be ((-9)/(-15))/((-1)/(-15)). Suppose -5*w + y = 29. Let f(a) = 0 + 0*a - 3*a + a**3 + 4*a**2 + 3. Give f(w).
15
Let s(w) = -14*w**2 - 5*w**3 - 2 + 4*w**3 + 2*w**3 - 22 - 4 + 53*w. Let v be s(8). Let h(n) = -2*n + 14. Determine h(v).
-10
Let g(f) = -24*f**3 - 32*f**2 - 15*f + 44. Let m(a) = 7*a**3 + 11*a**2 + 4*a - 14. Let v(b) = -2*g(b) - 7*m(b). Give v(-13).
-16
Let h(b) be the second derivative of 15 + 3*b - 1/6*b**3 + 1/2*b**2. Let u = -18 + 9. Calculate h(u).
10
Let m(l) = -l**3 - 6*l**2 + 3. Let o be m(-6). Let s be (0/o)/(-1) + -3. Let g(d) = 5*d - 15. Let r(p) = -2*p + 7. Let f(c) = 3*g(c) + 7*r(c). What is f(s)?
1
Suppose 222*n = 44*n - 461 - 607. Let m(i) = -i**3 - 2*i**2 - 16. Give m(n).
128
Let i(l) = -4*l**2 - 2*l - 2. Suppose -691*g = -684*g - 14. Give i(g).
-22
Let n(q) = -9*q**2 - 8*q + 38. Let d(i) = 4*i**2 + 3*i - 18. Let m(a) = -11*d(a) - 5*n(a). Calculate m(-4).
-4
Let l be (-10)/(-1 - 4*15/(-100)). Let f(h) = h**3 - 27*h**2 + 48*h + 23. Give f(l).
-27
Let j(p) = -11604*p + 5805*p + 5803*p. Let x be ((-24)/36)/(4/6). Determine j(x).
-4
Let k(n) be the first derivative of 1 + n + 1/3*n**3 + 1/2*n**2. Let h be ((-10)/(-6) - 1) + (-90)/135. What is k(h)?
1
Let c(k) = -15*k**2 - 31*k + 149. Let l(d) = -4*d**2 - 8*d + 34. Let r(n) = -3*c(n) + 11*l(n). What is r(-11)?
-7
Let w = -180 + 75. Let s = 107 + w. Let v(u) = -49*u**2 + 48*u**s - 6 - 6. Give v(0).
-12
Let z(s) be the second derivative of -s**5/20 + s**4/6 + s**3/3 - 55*s**2/2 + 1683*s. Calculate z(0).
-55
Let g(w) be the second derivative of 2*w**